 6696?
True
Is 7 a factor of 98?
True
Is 342 a multiple of 16?
False
Is 53 a factor of 8745?
True
Is 8 a multiple of 4?
True
Is 27 a factor of 2241?
True
Does 3 divide 27828?
True
Does 11 divide 4014?
False
Is 775 a multiple of 17?
False
Is 305 a multiple of 9?
False
Does 168 divide 13250?
False
Is 10 a factor of 10?
True
Is 1015 a multiple of 16?
False
Is 3607 a multiple of 45?
False
Does 34 divide 34?
True
Is 176 a multiple of 22?
True
Is 22852 a multiple of 11?
False
Does 36 divide 28440?
True
Is 58 a factor of 254?
False
Is 33 a factor of 264?
True
Does 5 divide 4363?
False
Is 768 a multiple of 16?
True
Is 13936 a multiple of 11?
False
Is 409 a multiple of 5?
False
Does 26 divide 13310?
False
Is 19 a factor of 54522?
False
Does 9 divide 364?
False
Is 12684 a multiple of 42?
True
Is 3402 a multiple of 54?
True
Is 1037 a multiple of 11?
False
Is 1040 a multiple of 40?
True
Is 210 a multiple of 6?
True
Is 9 a factor of 17172?
True
Does 28 divide 1535?
False
Does 71 divide 9514?
True
Is 38 a factor of 81835?
False
Is 51920 a multiple of 76?
False
Does 24 divide 240?
True
Does 8 divide 2368?
True
Is 6528 a multiple of 136?
True
Is 24 a factor of 40968?
True
Is 26 a factor of 2004?
False
Is 4 a factor of 572?
True
Does 157 divide 25450?
False
Is 13 a factor of 1092?
True
Does 7 divide 327?
False
Is 451 a multiple of 27?
False
Is 12 a multiple of 12?
True
Does 28 divide 980?
True
Is 305 a multiple of 15?
False
Is 4358 a multiple of 38?
False
Is 11766 a multiple of 37?
True
Is 119 a multiple of 11?
False
Is 21045 a multiple of 23?
True
Does 7 divide 262?
False
Does 10 divide 580?
True
Does 164 divide 731?
False
Does 29 divide 23090?
False
Is 62 a factor of 18150?
False
Does 23 divide 4153?
False
Is 6 a factor of 858?
True
Is 16779 a multiple of 17?
True
Does 40 divide 200?
True
Is 9116 a multiple of 43?
True
Is 27 a factor of 567?
True
Is 68 a factor of 1156?
True
Is 19 a factor of 494?
True
Does 91 divide 455?
True
Does 46 divide 357?
False
Does 39 divide 429?
True
Is 1668 a multiple of 22?
False
Is 6 a factor of 2472?
True
Is 24 a factor of 1104?
True
Does 9 divide 15345?
True
Is 1676 a multiple of 13?
False
Does 74 divide 6866?
False
Is 378 a multiple of 24?
False
Is 75 a multiple of 3?
True
Is 3381 a multiple of 69?
True
Is 15 a factor of 30015?
True
Is 6630 a multiple of 195?
True
Is 3509 a multiple of 29?
True
Is 190 a factor of 26610?
False
Does 13 divide 9880?
True
Does 24 divide 120?
True
Does 60 divide 1079?
False
Is 8 a factor of 2048?
True
Is 18 a factor of 26658?
True
Is 15 a factor of 11655?
True
Is 234 a factor of 19483?
False
Is 15 a factor of 16059?
False
Does 25 divide 602?
False
Does 52 divide 1456?
True
Does 136 divide 2856?
True
Does 13 divide 4368?
True
Is 9 a factor of 2117?
False
Is 110 a multiple of 11?
True
Does 64 divide 1140?
False
Is 9 a factor of 2664?
True
Is 12 a factor of 113983?
False
Does 249 divide 40338?
True
Is 1224 a multiple of 18?
True
Is 15 a factor of 150?
True
Is 552 a multiple of 77?
False
Is 53 a factor of 901?
True
Does 26 divide 347?
False
Is 24 a multiple of 3?
True
Is 43 a factor of 6189?
False
Is 7 a factor of 2856?
True
Does 4 divide 160?
True
Is 9 a factor of 44084?
False
Is 360 a multiple of 10?
True
Is 3117 a multiple of 14?
False
Does 13 divide 2600?
True
Is 55 a factor of 10835?
True
Is 10609 a multiple of 13?
False
Is 24 a multiple of 12?
True
Does 41 divide 2725?
False
Does 43 divide 18791?
True
Is 1340 a multiple of 5?
True
Is 58831 a multiple of 11?
False
Does 2 divide 105?
False
Is 26 a factor of 3484?
True
Does 42 divide 1328?
False
Is 5 a factor of 5978?
False
Is 1273 a multiple of 19?
True
Is 870 a multiple of 30?
True
Is 3195 a multiple of 71?
True
Does 6 divide 457?
False
Is 22 a factor of 1508?
False
Is 27647 a multiple of 22?
False
Is 10241 a multiple of 11?
True
Is 87 a factor of 4524?
True
Is 14 a factor of 4270?
True
Is 10 a factor of 990?
True
Does 5 divide 585?
True
Is 220 a factor of 1760?
True
Does 10 divide 28?
False
Does 6 divide 3750?
True
Is 15 a factor of 285?
True
Is 200 a multiple of 6?
False
Is 54591 a multiple of 93?
True
Does 12 divide 192?
True
Is 4 a factor of 422?
False
Is 22 a factor of 715?
False
Is 3902 a multiple of 11?
False
Is 28 a multiple of 16?
False
Is 107 a factor of 3959?
True
Is 798 a multiple of 21?
True
Is 282 a multiple of 24?
False
Is 29 a multiple of 3?
False
Is 17 a factor of 2234?
False
Is 1445 a multiple of 17?
True
Is 4470 a multiple of 15?
True
Is 11 a factor of 2700?
False
Is 16614 a multiple of 18?
True
Is 2440 a multiple of 20?
True
Does 13 divide 24791?
True
Does 90 divide 653?
False
Is 37 a factor of 25382?
True
Is 173 a multiple of 3?
False
Is 4193 a multiple of 7?
True
Is 19 a factor of 589?
True
Is 31 a factor of 21886?
True
Is 21 a factor of 903?
True
Is 1683 a multiple of 33?
True
Is 11 a factor of 257?
False
Does 53 divide 2227?
False
Does 136 divide 24072?
True
Is 12 a factor of 1257?
False
Is 3318 a multiple of 42?
True
Does 57 divide 1311?
True
Is 270 a multiple of 45?
True
Is 12 a factor of 355?
False
Is 71 a factor of 15620?
True
Does 31 divide 217?
True
Is 18 a factor of 386?
False
Is 72 a factor of 8616?
False
Does 51 divide 1080?
False
Does 47 divide 5528?
False
Is 994 a multiple of 14?
True
Is 3 a factor of 1598?
False
Is 4002 a multiple of 12?
False
Is 7 a factor of 8565?
False
Is 16704 a multiple of 16?
True
Does 5 divide 131?
False
Does 25 divide 357?
False
Is 15232 a multiple of 8?
True
Does 12 divide 2397?
False
Is 3492 a multiple of 18?
True
Is 8876 a multiple of 40?
False
Does 18 divide 6440?
False
Is 95 a factor of 2986?
False
Is 10 a factor of 750?
True
Does 15 divide 255?
True
Is 87 a factor of 7972?
False
Is 19 a factor of 264?
False
Is 531 a multiple of 9?
True
Is 89 a factor of 16199?
False
Does 12 divide 25217?
False
Does 179 divide 11456?
True
Is 37 a multiple of 2?
False
Is 7 a factor of 833?
True
Is 4 a factor of 80?
True
Does 8 divide 422?
False
Is 51 a factor of 658?
False
Is 5 a factor of 2374?
False
Does 405 divide 63990?
True
Is 128 a multiple of 7?
False
Is 3 a factor of 320?
False
Is 28 a factor of 336?
True
Does 72 divide 82?
False
Does 41 divide 3813?
True
Is 774 a multiple of 18?
True
Does 60 divide 25200?
True
Is 38 a factor of 2166?
True
Is 141 a factor of 7075?
False
Is 2581 a multiple of 6?
False
Is 8259 a multiple of 11?
False
Is 19091 a multiple of 17?
True
Does 35 divide 1303?
False
Is 4 a factor of 4076?
True
Is 137302 a multiple of 22?
True
Is 514 a multiple of 11?
False
Does 7 divide 160?
False
Does 11 divide 1001?
True
Does 6 divide 1632?
True
Is 2 a factor of 45?
False
Is 120283 a multiple of 261?
False
Is 11857 a multiple of 14?
False
Is 27 a factor of 81?
True
Is 16 a factor of 8833?
False
Does 84 divide 7140?
True
Is 36 a factor of 900?
True
Is 27189 a multiple of 57?
True
Is 18145 a multiple of 13?
False
Is 3490 a multiple of 29?
False
Is 1372 a multiple of 11?
False
Does 3 divide 48?
True
Does 137 divide 93932?
False
Is 14 a factor of 462?
True
Does 45 divide 56?
False
Is 29034 a multiple of 38?
False
Is 7 a factor of 316?
False
Does 10 divide 681?
False
Is 79 a factor of 4986?
False
Is 127 a factor of 1016?
True
Is 6290 a multiple of 37?
True
Does 8 divide 72?
True
Does 23 divide 94185?
True
Is 1115 a multiple of 25?
False
Is 5637 a multiple of 12?
False
Does 13 divide 3118?
False
Is 525 a multiple of 21?
True
Is 51 a factor of 663?
True
Is 19 a factor of 435?
False
Does 80 divide 6520?
False
Is 3916 a multiple of 89?
True
Is 71894 a multiple of 7?
False
Is 8 a factor of 7256?
True
Is 28556 a multiple of 260?
False
Does 9 divide 178?
False
Does 7 divide 73535?
True
Is 121 a multiple of 4?
False
Is 24821 a multiple of 19?
False
Does 63 divide 5148?
False
Does 15 divide 1603?
False
Is 312 a multiple of 12?
True
Is 7865 a multiple of 121?
True
Does 166 divide 6959?
False
Is 59 a factor of 5310?
True
Is 5 a factor of 1081?
False
Does 57 divide 684?
True
Is 72 a factor of 3024?
True
Is 66 a factor of 57082?
False
Is 14918 a multiple of 7?
False
Is 23 a factor of 1472?
True
Is 10 a factor of 575?
False
Does 51 divide 969?
True
Does 21 divide 23226?
True
Is 46 a factor of 2162?
True
Is 16643 a multiple of 187?
True
Is 81 a factor of 810?
True
Is 231 a factor of 53130?
True
Is